ide 4094694?
True
Is 2855 a factor of 322218155?
True
Is 40 a factor of 3059489700?
False
Is 543954740 a multiple of 34?
False
Does 312 divide 34127496?
True
Is 65399644 a multiple of 12?
False
Does 1810 divide 62831317?
False
Is 264 a factor of 499995408?
True
Is 28 a factor of 3222434432?
True
Does 112 divide 70957040?
True
Is 3584141244 a multiple of 12?
True
Is 176 a factor of 1203703899?
False
Does 24 divide 15041712?
True
Is 974 a factor of 6313928?
False
Is 43 a factor of 12114648?
True
Is 5101653193 a multiple of 1183?
True
Is 1474 a factor of 38736720?
True
Does 122 divide 19592687?
False
Does 3104 divide 235622860?
False
Is 5 a factor of 34360705?
True
Is 2 a factor of 16246764?
True
Does 265 divide 1832575513?
False
Does 3 divide 75601668?
True
Is 42 a factor of 157313695?
False
Does 78 divide 80332620?
False
Is 100 a factor of 5829900?
True
Is 394459583 a multiple of 17?
False
Is 158258072 a multiple of 8?
True
Is 3 a factor of 9678990?
True
Is 222 a factor of 391725680?
False
Is 5640 a factor of 602284320?
True
Is 54357056 a multiple of 158?
True
Does 10 divide 170484421?
False
Is 351 a factor of 239113485?
True
Is 208311682 a multiple of 2897?
True
Does 7 divide 210936550?
False
Is 30104284 a multiple of 1349?
True
Does 316 divide 1979342734?
False
Is 1617 a factor of 2957962614?
False
Is 1263109327 a multiple of 57?
False
Is 60474496 a multiple of 104?
False
Is 250 a factor of 49208750?
True
Does 1119 divide 1747910451?
True
Does 1381 divide 6498986?
True
Is 565113304 a multiple of 1336?
True
Does 793 divide 156351486?
False
Does 16 divide 1393933856?
True
Is 223119806 a multiple of 26?
True
Is 4 a factor of 1721612?
True
Is 46 a factor of 24160074?
True
Is 779 a factor of 31313463?
True
Does 19 divide 704636439?
False
Does 11 divide 253149813?
False
Does 249 divide 5095536?
True
Does 10 divide 1922465604?
False
Is 81437760 a multiple of 10?
True
Is 770 a factor of 8049217?
False
Does 33 divide 6967500141?
False
Is 399 a factor of 130727838?
False
Is 202 a factor of 6494300?
True
Does 148 divide 49858092?
True
Is 2881933 a multiple of 259?
False
Does 19 divide 3301146?
False
Is 157 a factor of 46654748?
True
Is 855 a factor of 135603855?
True
Is 31 a factor of 3361733?
True
Is 838730227 a multiple of 1393?
False
Is 246 a factor of 68593542?
False
Is 5907863468 a multiple of 3373?
True
Is 109098468 a multiple of 188?
True
Is 2696997 even?
False
Is 118 a factor of 80425025?
False
Is 585894870 a multiple of 30?
True
Does 15 divide 6176550?
True
Is 11 a factor of 15284064?
False
Does 796 divide 93851047?
False
Is 334249430 a multiple of 47?
True
Does 14 divide 83471892?
True
Does 1295 divide 999634111?
False
Is 225910055 a multiple of 78?
False
Is 307 a factor of 73711954?
False
Is 1308292278 a multiple of 11?
False
Is 285233937 a multiple of 1324?
False
Is 19 a factor of 3482126456?
False
Does 37 divide 131942868?
False
Does 8 divide 73097601?
False
Is 4 a factor of 1525440981?
False
Is 522531784 a multiple of 546?
False
Does 11 divide 276945482?
True
Is 69 a factor of 5285300?
False
Is 1169 a factor of 535579321?
False
Does 275 divide 1110119969?
False
Is 10 a factor of 1807990?
True
Is 5924977734 a multiple of 62?
True
Is 603601145 a multiple of 27?
False
Does 171 divide 21300899?
False
Is 34 a factor of 74910160?
True
Is 301 a factor of 8326017?
False
Is 242360832 a multiple of 3584?
True
Does 92 divide 19757660?
False
Is 30 a factor of 18297960?
True
Is 2026938 a multiple of 499?
True
Is 207038362 a multiple of 10?
False
Is 5031 a factor of 11365029?
True
Is 5 a factor of 117872110?
True
Is 17467293 a multiple of 3?
True
Does 22 divide 20692430?
True
Does 24 divide 254584677?
False
Is 6 a factor of 5526749?
False
Is 113 a factor of 126314564?
True
Is 612157632 a multiple of 4197?
True
Does 95 divide 1080377715?
True
Is 88 a factor of 775908760?
True
Is 379 a factor of 93920748?
True
Is 518 a factor of 24119116?
True
Is 199424973 a multiple of 39?
False
Does 396 divide 190450520?
False
Is 158526600 a multiple of 9?
False
Is 7 a factor of 3035833?
False
Is 3906635 a multiple of 189?
False
Does 24 divide 1755177912?
True
Is 1360507538 a multiple of 132?
False
Is 136154473 a multiple of 13?
True
Does 15672 divide 2539275253?
False
Does 1588 divide 350438828?
False
Does 7388 divide 1924825192?
True
Does 24 divide 1822285439?
False
Is 1912 a factor of 166654577?
False
Is 587281408 a multiple of 128?
True
Is 104 a factor of 413139064?
True
Is 27927658 a multiple of 443?
False
Is 493443105 a multiple of 543?
True
Is 14 a factor of 67788588?
True
Does 67 divide 413432679?
True
Does 11 divide 26042000?
False
Is 20911856 a multiple of 56?
True
Does 29 divide 383484510?
False
Does 58 divide 1395007613?
False
Is 208714342 a multiple of 249?
False
Does 320 divide 146686080?
True
Is 51423473 a multiple of 6?
False
Is 8 a factor of 36133335?
False
Does 265 divide 177496205?
True
Does 13547 divide 6515849607?
True
Is 2302375 a multiple of 25?
True
Is 13 a factor of 2132515723?
True
Does 48 divide 2479248?
True
Is 131393270 even?
True
Is 24 a factor of 6295113?
False
Is 6 a factor of 6622464?
True
Is 218617880 a multiple of 10?
True
Is 330 a factor of 2157380610?
True
Is 164161909 a multiple of 480?
False
Is 2336 a factor of 68961056?
True
Does 228 divide 24607812?
True
Is 1175902472 a multiple of 431?
True
Is 168721000 a multiple of 40?
True
Is 786 a factor of 19135288?
False
Does 24 divide 1447000614?
False
Is 122 a factor of 121630462?
True
Does 332 divide 6433828?
True
Is 11 a factor of 204450499?
True
Is 116 a factor of 153997746?
False
Is 43 a factor of 43633274?
False
Does 3386 divide 88398211?
False
Does 3479 divide 26966948?
False
Is 190966391 a multiple of 28?
False
Does 11 divide 10996377?
False
Is 3200775240 a multiple of 25?
False
Is 1099 a factor of 99315531?
True
Is 291 a factor of 35042469?
False
Does 35 divide 9169845?
False
Is 19 a factor of 27639927?
True
Is 9 a factor of 1284752106?
True
Is 13 a factor of 8712704?
True
Is 834 a factor of 30042348?
True
Does 672 divide 217099680?
True
Is 203 a factor of 5253640?
True
Is 1164491475 a multiple of 17?
False
Is 3 a factor of 12184538?
False
Is 11 a factor of 402427410?
True
Is 16 a factor of 186206096?
True
Does 7 divide 32167513?
True
Does 485 divide 20629772?
False
Does 10 divide 3448803578?
False
Is 81 a factor of 4689386583?
False
Does 1850 divide 32902250?
True
Does 1060 divide 233224748?
False
Does 570 divide 90232710?
True
Does 51 divide 27063762?
True
Is 912 a factor of 10720529?
False
Does 758 divide 57463514?
False
Is 1403156652 a multiple of 3078?
False
Does 1255 divide 302978297?
False
Is 5 a factor of 238112280?
True
Is 4 a factor of 251564920?
True
Is 220324525 a multiple of 580?
False
Does 7 divide 56194561?
False
Does 479 divide 8291490?
True
Is 1894771020 a multiple of 1347?
True
Does 81 divide 48088809?
True
Is 272 a factor of 614691712?
True
Is 163273146 a multiple of 193?
False
Is 4784344226 a multiple of 79?
False
Does 251 divide 37600302?
True
Is 25458342 a multiple of 49?
True
Does 511 divide 27042120?
True
Is 75 a factor of 4094821950?
True
Is 2539123 a multiple of 145?
False
Is 70 a factor of 22251317?
False
Is 76708439 a multiple of 593?
False
Does 5 divide 24605535?
True
Is 7411576 a multiple of 5?
False
Is 53573455 a multiple of 65?
True
Is 162 a factor of 37035524?
False
Does 1728 divide 569985902?
False
Does 95 divide 94633517?
False
Does 21 divide 104858355?
True
Is 3108 a factor of 2092109013?
False
Is 948 a factor of 1008262?
False
Is 52 a factor of 2510565512?
True
Does 202 divide 4402388?
True
Is 23322718 a multiple of 16?
False
Does 72 divide 4276680635?
False
Is 61 a factor of 707929341?
False
Is 9268 a multiple of 28?
True
Does 222 divide 174883128?
False
Does 95 divide 15627405?
True
Is 502 a factor of 65683186?
True
Is 116741795 a multiple of 19?
True
Is 3 a factor of 228341551?
False
Is 1146836875 a multiple of 3475?
True
Does 419 divide 47170182?
True
Is 668 a factor of 22184766?
False
Does 167 divide 34877616?
True
Does 15 divide 49968900?
True
Does 338 divide 130444232?
False
Does 1037 divide 2184636467?
False
Does 160 divide 8567383?
False
Does 12 divide 1772709564?
True
Does 24 divide 91512408?
True
Is 824098892 a multiple of 487?